{"id":3573,"date":"2024-06-22T09:25:33","date_gmt":"2024-06-22T09:25:33","guid":{"rendered":"https:\/\/rheconcept.com\/?page_id=3573"},"modified":"2024-07-11T14:13:50","modified_gmt":"2024-07-11T14:13:50","slug":"sources","status":"publish","type":"page","link":"https:\/\/rheconcept.com\/?page_id=3573","title":{"rendered":"Sources"},"content":{"rendered":"\n<h2 class=\"wp-block-heading has-black-color has-white-background-color has-text-color has-background has-link-color has-medium-font-size wp-elements-70dcbc013f1f68c1b73a49898fc0fe7b\" id=\"h-sources-a-energie-solaire\"><strong>Sources \u00e0 \u00e9nergie solaire:<\/strong><\/h2>\n\n\n\n<p class=\"has-white-color has-vivid-purple-background-color has-text-color has-background has-link-color has-medium-font-size wp-elements-7562dfc5d245c03df5e5dbbef0ab2344\">Les sources \u00e0 \u00e9nergie solaire permettent de produire et stocker de l&#8217;\u00e9nergie en sites isol\u00e9s. Ces solutions sont fondamentalement diff\u00e9rentes des alimentations de secours du r\u00e9seau \u00e9lectrique dites U.P.S. Ces derni\u00e8res sont con\u00e7ues pour alimenter les syst\u00e8mes n\u00e9vralgiques d&#8217;installations informatiques, m\u00e9dicales et industrielles. Le plus souvent le temps de sauvegarde ne d\u00e9passe pas une heure. Par contre les sources solaires permettent de produire l&#8217;\u00e9nergie consomm\u00e9e instantan\u00e9ment ou de la stocker pour une consommation ult\u00e9rieure. Les besoins en \u00e9nergie conditionne l&#8217;autonomie des sources d&#8217;\u00e9nergie solaire. Elle est va 4h \u00e0 24 heures<\/p>\n\n\n\n<h2 class=\"wp-block-heading has-black-color has-white-background-color has-text-color has-background has-link-color has-medium-font-size wp-elements-3181ff0689b69048c4430a5f0a666d5a\" id=\"h-transformer-une-ups-en-source\"><strong>Transformer une UPS en source?<\/strong><\/h2>\n\n\n\n<p class=\"has-white-color has-vivid-purple-background-color has-text-color has-background has-link-color has-medium-font-size wp-elements-1ca8bc201bd7b6012a006c0d148638d4\">Compte tenu des diff\u00e9rences cit\u00e9es ci-dessus, nous ne pouvons pas transformer une U.P.S. en source solaire. Remplacer le r\u00e9seau \u00e9lectrique par des panneaux solaires constitue plus une illusion qu&#8217;une solution compatible avec les exigences du solaire. Le r\u00e9seau est une source de tension alternative. Par contre le solaire est une source de courant continu. L&#8217; \u00e9nergie du r\u00e9seau \u00e9lectrique est constante, tandis que l&#8217;autre est variable. Par cons\u00e9quent une UPS n&#8217;est con\u00e7u pour le solaire. Si d&#8217;aventure vous voyez une fonctionner assurez-vous que ses performances sont optimales.<\/p>\n\n\n\n<h2 class=\"wp-block-heading has-black-color has-white-background-color has-text-color has-background has-link-color has-medium-font-size wp-elements-dc79477c724edbc36c7d21d91a3507a8\" id=\"h-structure-d-une-source-solaire\"><strong>Structure d&#8217;une source solaire:<\/strong><\/h2>\n\n\n\n<p class=\"has-white-color has-vivid-purple-background-color has-text-color has-background has-link-color has-medium-font-size wp-elements-3ad664bc16d21afbefb5ddedb4e33833\">Une source solaire efficace comprend un chargeur solaire MPPT, des batteries et un onduleur photovoltaique. Le transformateur d&#8217;isolement utilis\u00e9 dans les UPS ne fonctionne pas pour une source solaire. Parcequ&#8217;en cas de d\u00e9faut grave ce transformateur va \u00eatre aliment\u00e9 avec la tension continue des batteries et des panneaux solaires. Cela provoquera un \u00e9chauffement voir un incendie du au court-circuit des batteries.<\/p>\n\n\n\n<h2 class=\"wp-block-heading has-black-color has-white-background-color has-text-color has-background has-link-color has-medium-font-size wp-elements-39260b77860e1b4375fb4b3cabef0f78\" id=\"h-autonomie-de-sourcs\"><strong>Autonomie de sourcs:<\/strong><\/h2>\n\n\n\n<p class=\"has-white-color has-vivid-purple-background-color has-text-color has-background has-link-color has-medium-font-size wp-elements-12e338e2d64642d041c08b659aa56b29\">L&#8217;autonomie d&#8217;une source d\u00e9termine sa dur\u00e9e de fonctionnement apr\u00e8s rupture de l&#8217;\u00e9nergie d&#8217;alimentation. Elle conditionne la taille du champ solaire et la taille des batteries de sauvegarde. Plus l&#8217;autonomie est grande plus le co\u00fbt est grand. Les UPS sont faites pour prot\u00e9ger contre des microcupures et des sauvegardes de dur\u00e9e courtes. Pour nos sources solaires, nous offrons une autonomie de 4h, 8h, 12h et 24h. Une source solaire est totalement diff\u00e9rente d&#8217;une UPS.<\/p>\n\n\n\n<p><\/p>\n\n\n\n<h2 class=\"wp-block-heading has-black-color has-white-background-color has-text-color has-background has-link-color has-medium-font-size wp-elements-ad7c3a466a2a253fcf102d1daf011e4a\" id=\"h-temps-de-recharge-des-sources\"><strong>Temps de recharge des sources:<\/strong><\/h2>\n\n\n\n<p class=\"has-white-color has-vivid-purple-background-color has-text-color has-background has-link-color has-medium-font-size wp-elements-c7389f7db42e17686e7004f7371f00d9\">Plus le temps de recharge est petit, plus grand est le champ solaire. Ce param\u00e8tre est dict\u00e9 par vos applications. Ainsi si vous recharger les batteries de jour pour un usage nocturne, alors ce temps de recharge n&#8217;est pas critique. Par contre si vous rechargez et consommez de jour et de nuit, alors ce temps de recharge est capital. Il est l&#8217;\u00e8l\u00e9ment essentiel qui conditionne le fonctionnement global de votre source. Attention. ne faisons pas de confusion entre une UPS qui a connu son heure de gloire et une source solaire qui exige de nouvelles topologies<\/p>\n\n\n\n<h2 class=\"wp-block-heading has-black-color has-white-background-color has-text-color has-background has-link-color has-medium-font-size wp-elements-f07dc3e73fcc6cf45385b9a8bcc54f65\" id=\"h-tension-de-service\"><strong>Tension de service:<\/strong><\/h2>\n\n\n\n<p class=\"has-white-color has-vivid-purple-background-color has-text-color has-background has-link-color has-medium-font-size wp-elements-f478fd7159aac3ec1fcb7618f9f70a7d\">Nous avons comme param\u00e8tres principaux la tension de service des batteries et les carat\u00e9ristiques du r\u00e9seau d\u00e9livr\u00e9. G\u00e9neralement il est fort utile d&#8217;avoir un r\u00e9seau triphas\u00e9 230V\/380V en sortie. Car il permet d&#8217;alimenter toutes sortes de charges. Les tensions de batteries sont basses avec une UPS parceque nous pouvons ins\u00e9rer un transformateur \u00e9l\u00e9vateur sur l&#8217;alternatif. Par contre en solaire nous avons du continu. Alors en basse tension, un convertisseur DC\/DC \u00e9levateur est incontournable. C&#8217;est pour cette raison que nous proposons aussi des sources en haurte tension. De plus l&#8217;\u00e9volution de la technologie du semi-conducteur permet d&#8217;utiliser de meilleures topologies de nos jours.<\/p>\n\n\n\n<h2 class=\"wp-block-heading has-black-color has-white-background-color has-text-color has-background has-link-color has-medium-font-size wp-elements-b1c6e0fe2cd900b2c9110876a84e7654\" id=\"h-contraintes-en-basse-tension\"><strong>Contraintes en basse tension:<\/strong><\/h2>\n\n\n\n<p class=\"has-white-color has-vivid-purple-background-color has-text-color has-background has-link-color has-medium-font-size wp-elements-20a6f2538f0444a61ed87bd41e2e5d42\">En basse tension de batterie, le courant de charge est trop important pour plus de 3kW. Ce dernier impose de s\u00e9rieuses contraintes de cablage. Parceque transporter de forts courants en DC sur plusieurs m\u00e8tres est d\u00e9j\u00e0 un tr\u00e8s gand challenge. Pour cette raison, nous avons d\u00e9velopp\u00e9 des topologies de pack de batteries avec une tension de 500V \u00e0 700V. Nous r\u00e9servons les basses tensions de pack de batteries pour les sources de faibles puissance. Dans notre gamme, nous offrons des solutions int\u00e9gr\u00e9es de 100W \u00e0 138 kW.<\/p>\n\n\n\n<div class=\"wp-block-buttons is-layout-flex wp-block-buttons-is-layout-flex\">\n<div class=\"wp-block-button has-custom-width wp-block-button__width-50 has-custom-font-size has-medium-font-size\"><a class=\"wp-block-button__link has-white-color has-vivid-cyan-blue-background-color has-text-color has-background has-link-color wp-element-button\" href=\"https:\/\/youtu.be\/FPeaJdAj738\">Vid\u00e9o<\/a><\/div>\n\n\n\n<div class=\"wp-block-button has-custom-width wp-block-button__width-50 has-custom-font-size has-medium-font-size\"><a class=\"wp-block-button__link has-white-color has-vivid-cyan-blue-background-color has-text-color has-background has-link-color wp-element-button\" href=\"https:\/\/rheconcept.com\/?page_id=3573\">rafraichir<\/a><\/div>\n<\/div>\n","protected":false},"excerpt":{"rendered":"<p>Sources \u00e0 \u00e9nergie solaire: Les sources \u00e0 \u00e9nergie solaire permettent de produire et stocker de l&#8217;\u00e9nergie en sites isol\u00e9s. Ces solutions sont fondamentalement diff\u00e9rentes des alimentations de secours du r\u00e9seau \u00e9lectrique dites U.P.S. Ces derni\u00e8res sont con\u00e7ues pour alimenter les&hellip;<a href=\"https:\/\/rheconcept.com\/?page_id=3573\" class=\"more-link\"><span class=\"more-button\">Lisez plus<span class=\"screen-reader-text\">Sources<\/span><\/span><\/a><\/p>\n","protected":false},"author":1,"featured_media":3695,"parent":0,"menu_order":0,"comment_status":"closed","ping_status":"closed","template":"","meta":{"footnotes":""},"class_list":["post-3573","page","type-page","status-publish","has-post-thumbnail","hentry"],"aioseo_notices":[],"_links":{"self":[{"href":"https:\/\/rheconcept.com\/index.php?rest_route=\/wp\/v2\/pages\/3573","targetHints":{"allow":["GET"]}}],"collection":[{"href":"https:\/\/rheconcept.com\/index.php?rest_route=\/wp\/v2\/pages"}],"about":[{"href":"https:\/\/rheconcept.com\/index.php?rest_route=\/wp\/v2\/types\/page"}],"author":[{"embeddable":true,"href":"https:\/\/rheconcept.com\/index.php?rest_route=\/wp\/v2\/users\/1"}],"replies":[{"embeddable":true,"href":"https:\/\/rheconcept.com\/index.php?rest_route=%2Fwp%2Fv2%2Fcomments&post=3573"}],"version-history":[{"count":17,"href":"https:\/\/rheconcept.com\/index.php?rest_route=\/wp\/v2\/pages\/3573\/revisions"}],"predecessor-version":[{"id":3861,"href":"https:\/\/rheconcept.com\/index.php?rest_route=\/wp\/v2\/pages\/3573\/revisions\/3861"}],"wp:featuredmedia":[{"embeddable":true,"href":"https:\/\/rheconcept.com\/index.php?rest_route=\/wp\/v2\/media\/3695"}],"wp:attachment":[{"href":"https:\/\/rheconcept.com\/index.php?rest_route=%2Fwp%2Fv2%2Fmedia&parent=3573"}],"curies":[{"name":"wp","href":"https:\/\/api.w.org\/{rel}","templated":true}]}}