{"id":3540,"date":"2024-06-21T17:40:50","date_gmt":"2024-06-21T17:40:50","guid":{"rendered":"https:\/\/rheconcept.com\/?page_id=3540"},"modified":"2024-07-10T15:57:56","modified_gmt":"2024-07-10T15:57:56","slug":"agriculture","status":"publish","type":"page","link":"https:\/\/rheconcept.com\/?page_id=3540","title":{"rendered":"Agriculture."},"content":{"rendered":"\n<h2 class=\"wp-block-heading has-black-color has-white-background-color has-text-color has-background has-link-color has-medium-font-size wp-elements-0da85053a6f82b726bcbc6ebe94e5987\" id=\"h-solutions-offertes-pour-agriculture\"><strong>Solutions offertes pour agriculture:<\/strong><\/h2>\n\n\n\n<div class=\"wp-block-group\"><div class=\"wp-block-group__inner-container is-layout-constrained wp-block-group-is-layout-constrained\">\n<div class=\"wp-block-group alignfull has-white-color has-vivid-purple-background-color has-text-color has-background has-link-color wp-elements-03e21412d328acb9642ae09be668e6e1\"><div class=\"wp-block-group__inner-container is-layout-constrained wp-block-group-is-layout-constrained\">\n<p class=\"has-medium-font-size\">Nous offrons des solutions solaires pour l&#8217;agriculture. Elles permettent de r\u00e9duire vos frais d&#8217;exploitation. Ce qui vous permet d&#8217;\u00eatre plus competifs. Ces solutions concernent particuli\u00e8rement la diminution des frais d&#8217;exploitation de vos terres:<\/p>\n\n\n\n<ul class=\"has-white-color has-vivid-purple-background-color has-text-color has-background has-link-color wp-block-list wp-elements-d0ac9af260b7fc888bd00158f109a2f7\">\n<li class=\"has-medium-font-size\">Le pompage de l&#8217;eau pour l&#8217;irrigation.<\/li>\n\n\n\n<li class=\"has-medium-font-size\">La distribution d&#8217;eau pour abreuver les humains et les b\u00eates.<\/li>\n\n\n\n<li class=\"has-medium-font-size\">L&#8217;\u00e9clairage solaire pour vos fermes.<\/li>\n\n\n\n<li class=\"has-medium-font-size\">La g\u00e9neration d`\u00e9lectricit\u00e9 gratuite pour vos chaines de froid et vos machines.<\/li>\n\n\n\n<li class=\"has-medium-font-size\">Les fermes solaires autonomes en eau et \u00e9nergie<\/li>\n<\/ul>\n<\/div><\/div>\n<\/div><\/div>\n\n\n\n<h2 class=\"wp-block-heading has-black-color has-white-background-color has-text-color has-background has-link-color has-medium-font-size wp-elements-9b3cadea747a9aefb4384e604d58d299\" id=\"h-pompage-de-l-eau-en-agriculture\"><strong>Pompage de l&#8217;eau en Agriculture.<\/strong><\/h2>\n\n\n\n<p class=\"has-white-color has-vivid-purple-background-color has-text-color has-background has-link-color has-medium-font-size wp-elements-bda6df623fd64a6e5683aa625a4e8d06\">Par cons\u00e9quent pour r\u00e9ussir en Agriculure l&#8217;eau est incontournable. Alors pour vous rendre ind\u00e9pendants de toute serviture, nous offrons une gamme compl\u00e8te de pompes solaires au fil du soleil. De vos forages et de vos rivi\u00e8res pompez gratuitement l&#8217;eau \u00e0 volont\u00e9. De plus cette eau ne necessite aucune logistique et elle est gratuite. Pour r\u00e9pondre \u00e0 vos attentes, nous couvrons des forages allant \u00e0 500m et une quantit\u00e9 d`eau journali\u00e8re allant \u00e0 5000m3.<\/p>\n\n\n\n<h2 class=\"wp-block-heading has-black-color has-white-background-color has-text-color has-background has-link-color has-medium-font-size wp-elements-7d056908aef57618cbec74db55634400\" id=\"h-distributeur-sautomatique-d-eau\"><strong>Distributeur sautomatique d&#8217;eau:<\/strong><\/h2>\n\n\n\n<p class=\"has-white-color has-vivid-purple-background-color has-text-color has-background has-link-color has-medium-font-size wp-elements-08f03891630b6ef08635eb363a078c56\">En agriculture, pour vos b\u00eates en huit clot et vos communaut\u00e9es agricoles vous pouvez opter pour nos distributeurs automatiques d&#8217;eau. En votre abscence, ils abreuveront vos b\u00eates. Aussi pour la distribution de l&#8217;eau pour plusieurs petites fermes, ils conviennent tr\u00e8s bien. Oubliez la gasoil pour cultiver. Ses frais et sa logistique sont p\u00e9nalisants. Vous n&#8217;avez pas besoin non plus d&#8217;\u00eatre \u00e0 proximit\u00e9 de pylones \u00e9lectriques. Nos solutions vous garantissent l&#8217;ind\u00e9pendance totale en agriculture.<\/p>\n\n\n\n<h2 class=\"wp-block-heading has-black-color has-white-background-color has-text-color has-background has-link-color has-medium-font-size wp-elements-54591b3ad4325de7f6dac2890d55f012\" id=\"h-la-production-d-electricite-gratuite\"><strong>La production d&#8217;\u00e9lectricit\u00e9 gratuite:<\/strong><\/h2>\n\n\n\n<p class=\"has-white-color has-vivid-purple-background-color has-text-color has-background has-link-color has-medium-font-size wp-elements-06c4edc34d78d7dc34a6fb9c874e4ef7\">Nos g\u00e9n\u00e9rateurs solaires autonomes int\u00e9gr\u00e9s vous fournissent l&#8217;\u00e9lectricit\u00e9 gratuite pour couvrir vos besoins en agriculture. Comme ils sont int\u00e9gr\u00e9s dans des modules \u00e9tanches, ils prennent tr\u00e8s peu de place au sol. Alors l&#8217;\u00e9nergie produite vous sert \u00e0 \u00e9clairer et alimenter vos machines. De 10 kW \u00e0 100 kW, ils sont con\u00e7us pour toutes les fermes en agriculture..<\/p>\n\n\n\n<h2 class=\"wp-block-heading has-black-color has-white-background-color has-text-color has-background has-link-color has-medium-font-size wp-elements-5f215f439b108e4a6b44ebee4931a288\" id=\"h-les-fermes-solaires-pour-agriculture\"><strong>Les fermes solaires pour Agriculture:<\/strong><\/h2>\n\n\n\n<p class=\"has-white-color has-vivid-purple-background-color has-text-color has-background has-link-color has-medium-font-size wp-elements-e8de9e3679922bbcba9d5562ebbc6012\">Comme nous avons toutes le solutions n\u00e9cessaires en agriculture, nous pouvons vous aider \u00e0 rendre vos fermes totalement autonomes. Le gasoil co\u00fbte de plus en plus cher et sa logistiques est trop p\u00e9mnilisante. L&#8217;\u00e9lectricit\u00e9 si vous avez la chance d&#8217;\u00eatre \u00e0 proximit\u00e9, vous p\u00e9nalise avec ses co\u00fbts et vous obligent a installer des cables g\u00e9nants pour vos labours et cultures. D\u00e9couvrez nos vid\u00e9os sur notre page Youtube et nos sites web. Qu&#8217;en pensez-vous? Merci de contacter RHE.<\/p>\n\n\n\n<div class=\"wp-block-buttons is-content-justification-center is-layout-flex wp-container-core-buttons-is-layout-16018d1d wp-block-buttons-is-layout-flex\">\n<div class=\"wp-block-button has-custom-width wp-block-button__width-50 has-custom-font-size has-medium-font-size\"><a class=\"wp-block-button__link has-white-color has-vivid-cyan-blue-background-color has-text-color has-background has-link-color wp-element-button\" href=\"https:\/\/youtu.be\/VdLlo0_jco0\"><strong>Vid\u00e9os<\/strong><\/a><\/div>\n\n\n\n<div class=\"wp-block-button has-custom-width wp-block-button__width-50 has-custom-font-size has-medium-font-size\"><a class=\"wp-block-button__link has-white-color has-vivid-cyan-blue-background-color has-text-color has-background has-link-color wp-element-button\" href=\"https:\/\/rheconcept.com\/?page_id=3540\">Rafraichir<\/a><\/div>\n<\/div>\n","protected":false},"excerpt":{"rendered":"<p>Solutions offertes pour agriculture: Nous offrons des solutions solaires pour l&#8217;agriculture. Elles permettent de r\u00e9duire vos frais d&#8217;exploitation. Ce qui vous permet d&#8217;\u00eatre plus competifs. Ces solutions concernent particuli\u00e8rement la diminution des frais d&#8217;exploitation de vos terres: Pompage de l&#8217;eau&hellip;<a href=\"https:\/\/rheconcept.com\/?page_id=3540\" class=\"more-link\"><span class=\"more-button\">Lisez plus<span class=\"screen-reader-text\">Agriculture.<\/span><\/span><\/a><\/p>\n","protected":false},"author":1,"featured_media":2938,"parent":0,"menu_order":0,"comment_status":"closed","ping_status":"closed","template":"","meta":{"footnotes":""},"class_list":["post-3540","page","type-page","status-publish","has-post-thumbnail","hentry"],"aioseo_notices":[],"_links":{"self":[{"href":"https:\/\/rheconcept.com\/index.php?rest_route=\/wp\/v2\/pages\/3540","targetHints":{"allow":["GET"]}}],"collection":[{"href":"https:\/\/rheconcept.com\/index.php?rest_route=\/wp\/v2\/pages"}],"about":[{"href":"https:\/\/rheconcept.com\/index.php?rest_route=\/wp\/v2\/types\/page"}],"author":[{"embeddable":true,"href":"https:\/\/rheconcept.com\/index.php?rest_route=\/wp\/v2\/users\/1"}],"replies":[{"embeddable":true,"href":"https:\/\/rheconcept.com\/index.php?rest_route=%2Fwp%2Fv2%2Fcomments&post=3540"}],"version-history":[{"count":26,"href":"https:\/\/rheconcept.com\/index.php?rest_route=\/wp\/v2\/pages\/3540\/revisions"}],"predecessor-version":[{"id":3830,"href":"https:\/\/rheconcept.com\/index.php?rest_route=\/wp\/v2\/pages\/3540\/revisions\/3830"}],"wp:featuredmedia":[{"embeddable":true,"href":"https:\/\/rheconcept.com\/index.php?rest_route=\/wp\/v2\/media\/2938"}],"wp:attachment":[{"href":"https:\/\/rheconcept.com\/index.php?rest_route=%2Fwp%2Fv2%2Fmedia&parent=3540"}],"curies":[{"name":"wp","href":"https:\/\/api.w.org\/{rel}","templated":true}]}}