{"id":2858,"date":"2023-07-24T08:25:47","date_gmt":"2023-07-24T08:25:47","guid":{"rendered":"https:\/\/rheconcept.com\/?page_id=2858"},"modified":"2024-07-02T05:46:08","modified_gmt":"2024-07-02T05:46:08","slug":"agents","status":"publish","type":"page","link":"https:\/\/rheconcept.com\/?page_id=2858","title":{"rendered":"Agents :"},"content":{"rendered":"\n<div class=\"wp-block-cover alignwide is-light has-parallax\"><span aria-hidden=\"true\" class=\"wp-block-cover__background has-background-dim\"><\/span><div role=\"img\" aria-label=\"Agents et repr\u00e9sentants\" class=\"wp-block-cover__image-background wp-image-3262 has-parallax\" style=\"background-position:50% 50%;background-image:url(https:\/\/rheconcept.com\/wp-content\/uploads\/2023\/08\/Visite-site-web-e1693044971337.png)\"><\/div><div class=\"wp-block-cover__inner-container is-layout-flow wp-block-cover-is-layout-flow\">\n<p class=\"has-text-align-center has-large-font-size\">Visites clients RHE.<\/p>\n\n\n\n<h2 class=\"wp-block-heading\" id=\"h-\"><\/h2>\n<\/div><\/div>\n\n\n\n<p class=\"has-white-color has-vivid-purple-background-color has-text-color has-background has-medium-font-size\"> Agents et partenaires, sont nos repr\u00e9sentants commerciaux. Ils animent sur leurs territoires un r\u00e9seau de distributeurs officiels. Nous avons trois Agents principaux qui couvrent l&#8217;Afrique, le Moyen Orient et l&#8217;Europe. Les continents Am\u00e9ricain et Asiatique sont couverts directement par RHE en Espagne. Nos distributeurs officiels assurent la revente, l&#8217;installation et la garanties des solutions solaires offertes. Ainsi notre r\u00e9seau commercial est organis\u00e9 pour vous offrir les meilleures services.<\/p>\n\n\n\n<h3 class=\"wp-block-heading has-black-color has-white-background-color has-text-color has-background has-medium-font-size\" id=\"h-territoires-des-agents-et-des-distributeurs\" style=\"font-style:normal;font-weight:400\"><strong>Territoires des Agents et des distributeurs :<\/strong><\/h3>\n\n\n\n<p class=\"has-white-color has-vivid-purple-background-color has-text-color has-background has-medium-font-size\">Les Distributeurs des pays Africains sont suivis par nos agents directement de notre succursale d&#8217;Alg\u00e9rie. Ceux du Moyen Orient, d&#8217;Arabie et les Europ\u00e9ens de France.<\/p>\n\n\n\n<h3 class=\"wp-block-heading has-black-color has-white-background-color has-text-color has-background has-medium-font-size\" id=\"h-roles-de-l-agent\" style=\"font-style:normal;font-weight:400\"><strong>R\u00f4les de l&#8217;Agent:<\/strong><\/h3>\n\n\n\n<p class=\"has-white-color has-vivid-purple-background-color has-text-color has-background has-medium-font-size\">Nos Agents et nos distributeurs nous repr\u00e9sentent aupr\u00e8s de nos clients. Ils disposent tous d&#8217;une lettre officielle attestant de leur activit\u00e9s. Ainsi la garantie prend un sens. Les distributeurs li\u00e9s \u00e0 nous par un contrat, sont support\u00e9s par nos Agents. Nos Agents et distributeurs recoivent une formation continuelle. Cette organisation, nous permet de penser global en agissant local et de vous assurer les meilleures services.<\/p>\n\n\n\n<h3 class=\"wp-block-heading\" id=\"h-role-du-distributeur\"><strong>R\u00f4le du distributeur:<\/strong><\/h3>\n\n\n\n<p class=\"has-white-color has-vivid-purple-background-color has-text-color has-background has-link-color has-medium-font-size wp-elements-78ae15d47bad5cbf34421b3e3350b992\">Le distributeur assure la promotion de notre marque aupr\u00e8s de la clientelle de son territoire. Un agent assure la frmation et le suivi. De son stock il \u00e9chantillonne et fait face aux diverses demandes de clients. Aussi il installe les solutions et assure le service apr\u00e9s vente et donne la garantie constructeur \u00e0 ses clients. Le chiffre d&#8217;affaire d&#8217;un distributeur est fait en forte proportion de son stock. Nous lui donnant le support necessaire pour profiler cette mise en stock.<\/p>\n\n\n\n<h2 class=\"wp-block-heading has-black-color has-white-background-color has-text-color has-background has-link-color has-medium-font-size wp-elements-b4975da1353a6c35a80efec7a42cd7d1\" id=\"h-presentations-et-brochures\"><strong>Pr\u00e9sentations et brochures:<\/strong><\/h2>\n\n\n\n<h2 class=\"wp-block-heading has-white-color has-vivid-purple-background-color has-text-color has-background has-link-color has-medium-font-size wp-elements-abc9aa11d443a1f2017aa6935c3240ae\" id=\"h-des-videos-des-presentations-et-des-brochures-sont-a-la-dispositions-de-nos-aimables-clients-de-nos-agents-et-de-nos-distributeurs-nous-sommes-sur-youtube-notre-page-presente-plus-30-videos-nous-sommes-egalement-sur-linkedin-ou-vous-pouvez-lire-de-nombreux-articles-nos-deux-sites-webs-sont-egalement-bien-documentes\">Des vid\u00e9os, des pr\u00e9sentations et des brochures sont \u00e0 la dispositions de nos aimables clients, de nos agents et de nos distributeurs. Nous sommes sur youtube. Notre page pr\u00e9sente plus 30 vid\u00e9os. Nous sommes \u00e9galement sur LinkedIn o\u00fa vous pouvez lire de nombreux articles. Nos deux sites webs sont \u00e9galement bien document\u00e9s.<\/h2>\n\n\n\n<h3 class=\"wp-block-heading has-black-color has-white-background-color has-text-color has-background has-medium-font-size\" id=\"h-notre-reseau-d-agents\" style=\"font-style:normal;font-weight:400\"><strong>Notre R\u00e9seau d&#8217;Agents<\/strong> :<\/h3>\n\n\n\n<p class=\"has-white-color has-vivid-purple-background-color has-text-color has-background has-medium-font-size\">Suite au covid, notre r\u00e9seau est en refonte totale. Bient\u00f4t la liste apparaitra directement sur cette page. Vos projets sont importants, ils m\u00e9ritent sans d\u00e9tour la bonne t\u00e9chnologie. Nous vous remercions pour votre visite et votre confiance.<\/p>\n\n\n\n<div class=\"wp-block-buttons is-content-justification-center is-layout-flex wp-container-core-buttons-is-layout-16018d1d wp-block-buttons-is-layout-flex\">\n<div class=\"wp-block-button has-custom-width wp-block-button__width-50 has-custom-font-size has-medium-font-size\"><a class=\"wp-block-button__link has-white-color has-vivid-cyan-blue-background-color has-text-color has-background has-link-color wp-element-button\" href=\"https:\/\/youtu.be\/XEypxJ4wqus\" target=\"_blank\" rel=\"noreferrer noopener\">vid\u00e9os<\/a><\/div>\n\n\n\n<div class=\"wp-block-button has-custom-width wp-block-button__width-50 has-custom-font-size has-medium-font-size\"><a class=\"wp-block-button__link has-white-color has-vivid-cyan-blue-background-color has-text-color has-background has-link-color wp-element-button\" href=\"https:\/\/rheconcept.com\/?page_id=2858\" target=\"_blank\" rel=\"noreferrer noopener\">Rafraichir<\/a><\/div>\n<\/div>\n\n\n\n<p><\/p>\n\n\n\n<p><\/p>\n","protected":false},"excerpt":{"rendered":"<p>Agents et partenaires, sont nos repr\u00e9sentants commerciaux. Ils animent sur leurs territoires un r\u00e9seau de distributeurs officiels. Nous avons trois Agents principaux qui couvrent l&#8217;Afrique, le Moyen Orient et l&#8217;Europe. Les continents Am\u00e9ricain et Asiatique sont couverts directement par RHE&hellip;<a href=\"https:\/\/rheconcept.com\/?page_id=2858\" class=\"more-link\"><span class=\"more-button\">Lisez plus<span class=\"screen-reader-text\">Agents :<\/span><\/span><\/a><\/p>\n","protected":false},"author":1,"featured_media":0,"parent":0,"menu_order":0,"comment_status":"closed","ping_status":"closed","template":"templates\/full-width-page.php","meta":{"footnotes":""},"class_list":["post-2858","page","type-page","status-publish","hentry"],"aioseo_notices":[],"_links":{"self":[{"href":"https:\/\/rheconcept.com\/index.php?rest_route=\/wp\/v2\/pages\/2858","targetHints":{"allow":["GET"]}}],"collection":[{"href":"https:\/\/rheconcept.com\/index.php?rest_route=\/wp\/v2\/pages"}],"about":[{"href":"https:\/\/rheconcept.com\/index.php?rest_route=\/wp\/v2\/types\/page"}],"author":[{"embeddable":true,"href":"https:\/\/rheconcept.com\/index.php?rest_route=\/wp\/v2\/users\/1"}],"replies":[{"embeddable":true,"href":"https:\/\/rheconcept.com\/index.php?rest_route=%2Fwp%2Fv2%2Fcomments&post=2858"}],"version-history":[{"count":45,"href":"https:\/\/rheconcept.com\/index.php?rest_route=\/wp\/v2\/pages\/2858\/revisions"}],"predecessor-version":[{"id":3819,"href":"https:\/\/rheconcept.com\/index.php?rest_route=\/wp\/v2\/pages\/2858\/revisions\/3819"}],"wp:attachment":[{"href":"https:\/\/rheconcept.com\/index.php?rest_route=%2Fwp%2Fv2%2Fmedia&parent=2858"}],"curies":[{"name":"wp","href":"https:\/\/api.w.org\/{rel}","templated":true}]}}