{"id":13,"date":"2023-02-11T12:50:00","date_gmt":"2023-02-11T12:50:00","guid":{"rendered":"https:\/\/rheconcept.com\/?page_id=13"},"modified":"2024-07-10T15:46:11","modified_gmt":"2024-07-10T15:46:11","slug":"contact","status":"publish","type":"page","link":"https:\/\/rheconcept.com\/?page_id=13","title":{"rendered":"Contact"},"content":{"rendered":"\n<p class=\"has-white-color has-vivid-purple-background-color has-text-color has-background has-medium-font-size\">Merci de compl\u00e9ter le formulaire de contact ci dessous. Si vous souhaitez une vid\u00e9o conf\u00e9rence, merci  de le signaler. Nous nous effor\u00e7ons de vous donner le meilleur service. Meilleures salutations et au plaisir de vous revoir sur notre siteweb prochainement.<\/p>\n\n\n\n<div class=\"wpcf7 no-js\" id=\"wpcf7-f3329-o1\" lang=\"en-US\" dir=\"ltr\">\n<div class=\"screen-reader-response\"><p role=\"status\" aria-live=\"polite\" aria-atomic=\"true\"><\/p> <ul><\/ul><\/div>\n<form action=\"\/index.php?rest_route=%2Fwp%2Fv2%2Fpages%2F13#wpcf7-f3329-o1\" method=\"post\" class=\"wpcf7-form init\" aria-label=\"Contact form\" novalidate=\"novalidate\" data-status=\"init\">\n<div style=\"display: none;\">\n<input type=\"hidden\" name=\"_wpcf7\" value=\"3329\" \/>\n<input type=\"hidden\" name=\"_wpcf7_version\" value=\"5.9.6\" \/>\n<input type=\"hidden\" name=\"_wpcf7_locale\" value=\"en_US\" \/>\n<input type=\"hidden\" name=\"_wpcf7_unit_tag\" value=\"wpcf7-f3329-o1\" \/>\n<input type=\"hidden\" name=\"_wpcf7_container_post\" value=\"0\" \/>\n<input type=\"hidden\" name=\"_wpcf7_posted_data_hash\" value=\"\" \/>\n<\/div>\n<p><label> Your name<br \/>\n<span class=\"wpcf7-form-control-wrap\" data-name=\"your-name\"><input size=\"40\" maxlength=\"80\" class=\"wpcf7-form-control wpcf7-text wpcf7-validates-as-required\" autocomplete=\"name\" aria-required=\"true\" aria-invalid=\"false\" value=\"\" type=\"text\" name=\"your-name\" \/><\/span> <\/label>\n<\/p>\n<p><label> Your email<br \/>\n<span class=\"wpcf7-form-control-wrap\" data-name=\"your-email\"><input size=\"40\" maxlength=\"80\" class=\"wpcf7-form-control wpcf7-email wpcf7-validates-as-required wpcf7-text wpcf7-validates-as-email\" autocomplete=\"email\" aria-required=\"true\" aria-invalid=\"false\" value=\"\" type=\"email\" name=\"your-email\" \/><\/span> <\/label>\n<\/p>\n<p><label> Subject<br \/>\n<span class=\"wpcf7-form-control-wrap\" data-name=\"your-subject\"><input size=\"40\" maxlength=\"80\" class=\"wpcf7-form-control wpcf7-text wpcf7-validates-as-required\" aria-required=\"true\" aria-invalid=\"false\" value=\"\" type=\"text\" name=\"your-subject\" \/><\/span> <\/label>\n<\/p>\n<p><label> Your message<br \/>\n<span class=\"wpcf7-form-control-wrap\" data-name=\"your-message\"><textarea cols=\"40\" rows=\"10\" maxlength=\"400\" class=\"wpcf7-form-control wpcf7-textarea wpcf7-validates-as-required\" aria-required=\"true\" aria-invalid=\"false\" name=\"your-message\"><\/textarea><\/span> <\/label>\n<\/p>\n<p><div id=\"cf7sr-6a006d3285b40\" class=\"cf7sr-g-recaptcha\" data-redirect=\"\"\n     data-theme=\"light\" data-type=\"image\" data-size=\"normal\" data-sitekey=\"6LceFBglAAAAAOmQQ0bphHSivSm3X6oshTrGhkmd\"><\/div><span class=\"wpcf7-form-control-wrap cf7sr-recaptcha\" data-name=\"cf7sr-recaptcha\"><input type=\"hidden\" name=\"cf7sr-recaptcha\" value=\"\" class=\"wpcf7-form-control\"><\/span>\n<\/p>\n<p><input class=\"wpcf7-form-control wpcf7-submit has-spinner\" type=\"submit\" value=\"Submit\" \/>\n<\/p><p style=\"display: none !important;\" class=\"akismet-fields-container\" data-prefix=\"_wpcf7_ak_\"><label>&#916;<textarea name=\"_wpcf7_ak_hp_textarea\" cols=\"45\" rows=\"8\" maxlength=\"100\"><\/textarea><\/label><input type=\"hidden\" id=\"ak_js_1\" name=\"_wpcf7_ak_js\" value=\"183\"\/><script>document.getElementById( \"ak_js_1\" ).setAttribute( \"value\", ( new Date() ).getTime() );<\/script><\/p><div class=\"wpcf7-response-output\" aria-hidden=\"true\"><\/div>\n<\/form>\n<\/div>\n\n\n\n\n\n<div id=\"wrapper-9cd199b9cc5410cd3b1ad21cab2e54d3\">\n<div id=\"map-9cd199b9cc5410cd3b1ad21cab2e54d3\"><\/div>\n<p><script>(function () {\n        var setting = {\"query\":\"Carrer del Convent, 19, 12500 Vinar\u00f2s, Spain\",\"width\":800,\"height\":600,\"satellite\":false,\"zoom\":12,\"placeId\":\"ChIJaQJBACdQoBIRuouOnddqGZI\",\"cid\":\"0x92196ad79d8e8bba\",\"coords\":[40.47347939999999,0.4761048],\"cityUrl\":\"\/spain\/peniscola-19341\",\"cityAnchorText\":\"Carte de Pe\u00f1\u00edscola, Communaut\u00e9 valencienne, Espagne\",\"lang\":\"fr\",\"queryString\":\"Carrer del Convent, 19, 12500 Vinar\u00f2s, Spain\",\"centerCoord\":[40.47347939999999,0.4761048],\"id\":\"map-9cd199b9cc5410cd3b1ad21cab2e54d3\",\"embed_id\":\"1124397\"};\n        var d = document;\n        var s = d.createElement('script');\n        s.src = 'https:\/\/1map.com\/js\/script-for-user.js?embed_id=1124397';\n        s.async = true;\n        s.onload = function (e) {\n          window.OneMap.initMap(setting)\n        };\n        var to = d.getElementsByTagName('script')[0];\n        to.parentNode.insertBefore(s, to);\n      })();<\/script><a href=\"https:\/\/1map.com\/fr\/map-embed\">1 Map<\/a><\/div>\n\n\n<div class=\"wp-block-image is-style-default\">\n<figure class=\"aligncenter size-full\"><img loading=\"lazy\" decoding=\"async\" width=\"942\" height=\"602\" src=\"https:\/\/rheconcept.com\/wp-content\/uploads\/2023\/02\/Bureau-RHE.jpg\" alt=\"Pour contact\" class=\"wp-image-92\" style=\"aspect-ratio:4\/3;object-fit:contain\" srcset=\"https:\/\/rheconcept.com\/wp-content\/uploads\/2023\/02\/Bureau-RHE.jpg 942w, https:\/\/rheconcept.com\/wp-content\/uploads\/2023\/02\/Bureau-RHE-300x192.jpg 300w, https:\/\/rheconcept.com\/wp-content\/uploads\/2023\/02\/Bureau-RHE-768x491.jpg 768w, https:\/\/rheconcept.com\/wp-content\/uploads\/2023\/02\/Bureau-RHE-825x527.jpg 825w, https:\/\/rheconcept.com\/wp-content\/uploads\/2023\/02\/Bureau-RHE-600x383.jpg 600w, https:\/\/rheconcept.com\/wp-content\/uploads\/2023\/02\/Bureau-RHE-400x256.jpg 400w\" sizes=\"auto, (max-width: 942px) 100vw, 942px\" \/><\/figure>\n<\/div>\n\n\n<div class=\"wp-block-buttons alignwide is-content-justification-center is-layout-flex wp-container-core-buttons-is-layout-16018d1d wp-block-buttons-is-layout-flex\">\n<div class=\"wp-block-button has-custom-width wp-block-button__width-50 has-custom-font-size has-medium-font-size\"><a class=\"wp-block-button__link has-white-color has-vivid-cyan-blue-background-color has-text-color has-background has-link-color has-text-align-center wp-element-button\">Rafraichir<\/a><\/div>\n<\/div>\n","protected":false},"excerpt":{"rendered":"<p>Merci de compl\u00e9ter le formulaire de contact ci dessous. Si vous souhaitez une vid\u00e9o conf\u00e9rence, merci de le signaler. Nous nous effor\u00e7ons de vous donner le meilleur service. Meilleures salutations et au plaisir de vous revoir sur notre siteweb prochainement.<\/p>\n","protected":false},"author":1,"featured_media":0,"parent":0,"menu_order":0,"comment_status":"closed","ping_status":"closed","template":"","meta":{"footnotes":""},"class_list":["post-13","page","type-page","status-publish","hentry"],"aioseo_notices":[],"_links":{"self":[{"href":"https:\/\/rheconcept.com\/index.php?rest_route=\/wp\/v2\/pages\/13","targetHints":{"allow":["GET"]}}],"collection":[{"href":"https:\/\/rheconcept.com\/index.php?rest_route=\/wp\/v2\/pages"}],"about":[{"href":"https:\/\/rheconcept.com\/index.php?rest_route=\/wp\/v2\/types\/page"}],"author":[{"embeddable":true,"href":"https:\/\/rheconcept.com\/index.php?rest_route=\/wp\/v2\/users\/1"}],"replies":[{"embeddable":true,"href":"https:\/\/rheconcept.com\/index.php?rest_route=%2Fwp%2Fv2%2Fcomments&post=13"}],"version-history":[{"count":28,"href":"https:\/\/rheconcept.com\/index.php?rest_route=\/wp\/v2\/pages\/13\/revisions"}],"predecessor-version":[{"id":3817,"href":"https:\/\/rheconcept.com\/index.php?rest_route=\/wp\/v2\/pages\/13\/revisions\/3817"}],"wp:attachment":[{"href":"https:\/\/rheconcept.com\/index.php?rest_route=%2Fwp%2Fv2%2Fmedia&parent=13"}],"curies":[{"name":"wp","href":"https:\/\/api.w.org\/{rel}","templated":true}]}}