{"id":12,"date":"2023-02-11T12:50:00","date_gmt":"2023-02-11T12:50:00","guid":{"rendered":"https:\/\/rheconcept.com\/?page_id=12"},"modified":"2024-07-11T10:43:02","modified_gmt":"2024-07-11T10:43:02","slug":"fabrication-en-serie","status":"publish","type":"page","link":"https:\/\/rheconcept.com\/?page_id=12","title":{"rendered":"s\u00e9rie"},"content":{"rendered":"\n<figure class=\"wp-block-image alignwide size-full is-style-rounded\"><img loading=\"lazy\" decoding=\"async\" width=\"899\" height=\"717\" src=\"https:\/\/rheconcept.com\/wp-content\/uploads\/2024\/07\/carte_FPGA_acex.jpg\" alt=\"\" class=\"wp-image-3826\" srcset=\"https:\/\/rheconcept.com\/wp-content\/uploads\/2024\/07\/carte_FPGA_acex.jpg 899w, https:\/\/rheconcept.com\/wp-content\/uploads\/2024\/07\/carte_FPGA_acex-300x239.jpg 300w, https:\/\/rheconcept.com\/wp-content\/uploads\/2024\/07\/carte_FPGA_acex-768x613.jpg 768w, https:\/\/rheconcept.com\/wp-content\/uploads\/2024\/07\/carte_FPGA_acex-200x160.jpg 200w, https:\/\/rheconcept.com\/wp-content\/uploads\/2024\/07\/carte_FPGA_acex-777x620.jpg 777w, https:\/\/rheconcept.com\/wp-content\/uploads\/2024\/07\/carte_FPGA_acex-600x479.jpg 600w, https:\/\/rheconcept.com\/wp-content\/uploads\/2024\/07\/carte_FPGA_acex-400x319.jpg 400w\" sizes=\"auto, (max-width: 899px) 100vw, 899px\" \/><\/figure>\n\n\n\n<p class=\"has-white-color has-vivid-purple-background-color has-text-color has-background has-medium-font-size\">Pour votre s\u00e9rie, merci de consid\u00e9rer que notre exp\u00e9rience dans le domaine de la conception et de la r\u00e9alisation de syst\u00e8mes \u00e9lectroniques est riche. De nombreux clients nous ont confi\u00e9 leurs projets. Une liste de r\u00e9alisations est disponible. Par cons\u00e9quent vous \u00eates compl\u00e8tement s\u00e9curis\u00e9s si vous nous confiez vos r\u00e9alisations. Nous faisons la conception et la production en s\u00e9rie. <\/p>\n\n\n\n<h2 class=\"wp-block-heading has-black-color has-white-background-color has-text-color has-background has-medium-font-size\" id=\"h-type-de-fabrication-en-serie\"><strong>Type de fabrication en s\u00e9rie:<\/strong><\/h2>\n\n\n\n<p class=\"has-white-color has-vivid-purple-background-color has-text-color has-background has-medium-font-size\">Nous pouvons produire en s\u00e9rie des solutions solaires, des onduleurs photovolta\u00efques, des \u00e9quipements pour le solaire et des produits industriels sp\u00e9cifiques de vos attentes. La conc\u00e9ption est propos\u00e9e uniquement pour les s\u00e9ries qui ne sont pas dans note catalogue. Pour les G\u00e9n\u00e9rateurs d&#8217;\u00e9lectrict\u00e9 solaire, nous pouvons aussi \u00e9tablir une \u00e9tude compl\u00e8te de votre projet avant investissement. Ainsi  avec cette \u00e9tude vous pourrez confirmer ou infirmer ce projet.<\/p>\n\n\n\n<h2 class=\"wp-block-heading has-black-color has-white-background-color has-text-color has-background has-medium-font-size\" id=\"h-fabrication-en-s-e-rie-sous-licence-rhe\"><strong>Fabrication en s<\/strong>e<strong>rie sous licence RHE:<\/strong><\/h2>\n\n\n\n<p class=\"has-white-color has-vivid-purple-background-color has-text-color has-background has-medium-font-size\">Quelque fois pour des raisons de co\u00fbt de revient, il est conseill\u00e9 de produire en s\u00e9rie et en local. Pour ce faire nous offrons des licenses de fabrication pour nos r\u00e9gulateurs et nos onduleurs. Il est aussi possible de fournir l&#8217;outil de production n\u00e9cessaire qui accompagne une license. Une production locale pr\u00e9sente de nombreux avantages qui sont le co\u00fbt, le d\u00e9lais et la ma\u00eetrise de la Technologie.<\/p>\n\n\n\n<h2 class=\"wp-block-heading has-black-color has-white-background-color has-text-color has-background has-medium-font-size\" id=\"h-outils-pour-la-fabrication-en-s-e-rie\"><strong>Outils pour la fabrication en s<\/strong>e<strong>rie:<\/strong><\/h2>\n\n\n\n<p class=\"has-white-color has-vivid-purple-background-color has-text-color has-background has-medium-font-size\">La conception des produits est faite dans notre centre de vinaros. La fabrication en s\u00e9rie est faite en Espagne ou en France. \u00c0 vinaros nous disposons aussi de tous les outils n\u00e9cessaires pour concevoir des produits solaires et industriels. Sur ce site web et sur notre deuxi\u00e8me site vous pourrez voir quelques r\u00e9alisations. Nous ne sommes pas importateur et revendeur de produits solaires ou industriels. Aussi nous ne faisons pas l&#8217;encapsulage de cellules solaires dans des profilets d&#8217;aluminium. Nous laissons ce travail aux soci\u00e9t\u00e9s comp\u00e9tentes dans l&#8217;aluminium.<\/p>\n\n\n\n<h2 class=\"wp-block-heading has-black-color has-white-background-color has-text-color has-background has-medium-font-size\" id=\"h-suivi-des-realisations\"><strong>Suivi des r\u00e9alisations:<\/strong><\/h2>\n\n\n\n<p class=\"has-white-color has-vivid-purple-background-color has-text-color has-background has-medium-font-size\">Toutes nos offres pour des r\u00e9alisations de serie sous license sont suivies. Les clients re\u00e7oivent r\u00e9guli\u00e8rement toutes les actualisations du mat\u00e9riel et du logiciel. Par contre tout proc\u00e9d\u00e9s et technologie restent la propri\u00e9t\u00e9 industrielle de RHE. Sous license, vous pouvez reproduire les produits et les vendre. Mais vous ne pouvez pas vendre la technologie \u00e0 une partie tiers.<\/p>\n\n\n\n<h2 class=\"wp-block-heading has-black-color has-white-background-color has-text-color has-background has-medium-font-size\" id=\"h-videos-conferences\"><strong>Vid\u00e9os conf\u00e9rences:<\/strong><\/h2>\n\n\n\n<p class=\"has-white-color has-vivid-purple-background-color has-text-color has-background has-medium-font-size\">Pour vous renseigner sur votre s\u00e9rie ou pour nous entretenir sur vos projets en \u00e9nergie, nous donnons la pr\u00e9f\u00e9rence aux vid\u00e9os conf\u00e9rences. Elles sont fiables, efficaces, rapides et ne co\u00fbtent rien. De plus vous contribuerez \u00e0 la r\u00e9duction de la pollution par le carbone. Alors pourquoi s&#8217;en priver ! Merci pour votre visite et nous souhaitons vous revoir prochainement.<\/p>\n\n\n\n<div class=\"wp-block-buttons is-content-justification-center is-layout-flex wp-container-core-buttons-is-layout-16018d1d wp-block-buttons-is-layout-flex\">\n<div class=\"wp-block-button has-custom-width wp-block-button__width-50 has-custom-font-size has-medium-font-size\"><a class=\"wp-block-button__link has-white-color has-vivid-cyan-blue-background-color has-text-color has-background has-link-color wp-element-button\" href=\"https:\/\/youtu.be\/XEypxJ4wqus\" target=\"_blank\" rel=\"noreferrer noopener\">vid\u00e9os<\/a><\/div>\n\n\n\n<div class=\"wp-block-button has-custom-width wp-block-button__width-50 has-custom-font-size has-medium-font-size\"><a class=\"wp-block-button__link has-white-color has-vivid-cyan-blue-background-color has-text-color has-background has-link-color wp-element-button\" href=\"https:\/\/rheconcept.com\/?page_id=12\" target=\"_blank\" rel=\"noreferrer noopener\">Rafraichir<\/a><\/div>\n<\/div>\n\n\n","protected":false},"excerpt":{"rendered":"<p>Pour votre s\u00e9rie, merci de consid\u00e9rer que notre exp\u00e9rience dans le domaine de la conception et de la r\u00e9alisation de syst\u00e8mes \u00e9lectroniques est riche. De nombreux clients nous ont confi\u00e9 leurs projets. Une liste de r\u00e9alisations est disponible. Par cons\u00e9quent&hellip;<a href=\"https:\/\/rheconcept.com\/?page_id=12\" class=\"more-link\"><span class=\"more-button\">Lisez plus<span class=\"screen-reader-text\">s\u00e9rie<\/span><\/span><\/a><\/p>\n","protected":false},"author":1,"featured_media":0,"parent":0,"menu_order":0,"comment_status":"closed","ping_status":"closed","template":"","meta":{"footnotes":""},"class_list":["post-12","page","type-page","status-publish","hentry"],"aioseo_notices":[],"_links":{"self":[{"href":"https:\/\/rheconcept.com\/index.php?rest_route=\/wp\/v2\/pages\/12","targetHints":{"allow":["GET"]}}],"collection":[{"href":"https:\/\/rheconcept.com\/index.php?rest_route=\/wp\/v2\/pages"}],"about":[{"href":"https:\/\/rheconcept.com\/index.php?rest_route=\/wp\/v2\/types\/page"}],"author":[{"embeddable":true,"href":"https:\/\/rheconcept.com\/index.php?rest_route=\/wp\/v2\/users\/1"}],"replies":[{"embeddable":true,"href":"https:\/\/rheconcept.com\/index.php?rest_route=%2Fwp%2Fv2%2Fcomments&post=12"}],"version-history":[{"count":39,"href":"https:\/\/rheconcept.com\/index.php?rest_route=\/wp\/v2\/pages\/12\/revisions"}],"predecessor-version":[{"id":3855,"href":"https:\/\/rheconcept.com\/index.php?rest_route=\/wp\/v2\/pages\/12\/revisions\/3855"}],"wp:attachment":[{"href":"https:\/\/rheconcept.com\/index.php?rest_route=%2Fwp%2Fv2%2Fmedia&parent=12"}],"curies":[{"name":"wp","href":"https:\/\/api.w.org\/{rel}","templated":true}]}}